9
Let s(f) be the first derivative of -f**4/4 + 6*f**3 + f**2/2 - 20*f - 197. Give s(18).
-2
Let y(q) be the second derivative of 1/24*q**4 + 0*q**3 + 0 + 3*q - 1/30*q**5 - 3*q**2. Let o(f) be the first derivative of y(f). Determine o(2).
-6
Suppose -3 + 1 = -2*h - 4*c, -2*c - 14 = -2*h. Let r(a) = -a**3 + 6*a**2 - 3*a + 3. Determine r(h).
13
Let w(n) = 2*n**2 + 6*n - 5. Let c be w(-5). Suppose 4*x = -x + c. Let s be (-15)/(-10) - x/(-2). Let g(q) = q**2 - 4. Determine g(s).
5
Suppose -7*k = -k. Let v(l) = 2*l - 1. Calculate v(k).
-1
Suppose -o - 212 = -5*d, 0*d - 160 = -4*d + 4*o. Let v = 44 - d. Let s(h) = -10*h**2 + h. What is s(v)?
-9
Let m be -8 + (-1)/2*624/39. Let z(y) = -y**3 - 16*y**2 + y + 19. Give z(m).
3
Let s(g) = -4*g**2 - 4*g + 5. Let r(w) = -w**2 + 2*w + 1. Let c(k) = -5*r(k) + s(k). What is c(12)?
-24
Let j(c) = -c**2 + 840 - 425 + 4*c - 428. Determine j(4).
-13
Let j be 1/13*2 + 280/(-130). Let m(z) = -4*z**3 - z**2 + z - 3. Calculate m(j).
23
Let s(q) be the third derivative of q**6/120 + q**5/60 - q**4/8 + q**3/3 - 333*q**2. Give s(2).
8
Let o be (-12)/(-8) + 3/2. Suppose 0 = -4*z - 6*z + o*z. Let r(x) = -1 - 6 + x**2 + 0. What is r(z)?
-7
Let w(p) be the second derivative of p**8/6720 - p**6/360 + p**5/120 + p**4/6 - 2*p. Let g(d) be the third derivative of w(d). Let h = 45 - 43. Give g(h).
5
Let c(h) = -5*h**3 + h**2 + h + 1. Let w = -12 + 12. Suppose 3*d + d = w. Suppose -2 = -4*i + 14, d = 3*m + i - 1. Calculate c(m).
6
Let y be (2/3)/(1/(-3)). Let n(p) = -p**2 - 6*p + 3. Let b(f) = 2*f**2 + 13*f - 7. Let i(u) = y*b(u) - 5*n(u). Determine i(-4).
-1
Let v(a) = -21*a - 7. Let x(j) = -25*j - 4*j - 2*j - 10. Let o(r) = 7*v(r) - 5*x(r). Let y = -3 + 2. Determine o(y).
-7
Let p(z) = 14*z**2 - z. Let l be p(1). Let b(c) = 10*c + 32. Let g be b(-3). Let u(w) = l - 4*w - w + g*w + 2*w. Determine u(6).
7
Let l(g) be the first derivative of -g**4/4 - g**3 + g**2 - 2. Let o = 9 + -3. Suppose 4*m + 6 = -o. What is l(m)?
-6
Let d(r) = r**3 - 8*r**2 + 8*r - 6. Suppose b - 36 = -5*g, -2*g - 3*b + 16 = -b. Calculate d(g).
1
Let b(r) = 2*r**2 + 3*r + 1. Let y(m) = 5*m**2 + m + 10. Let h(z) = -2*b(z) + y(z). Determine h(5).
8
Let u(x) = x**3 - 5*x**2 - 3*x - 2. Let m be (-15)/(-2) + (228/24 - 11). Calculate u(m).
16
Let r(b) = b + 1. Let y be r(-4). Suppose -4*n + 26 = 2*q, -3*n + 2*q + 25 = -5. Let i(u) = n - 2 - 2*u + 2 - 5. What is i(y)?
9
Let j(m) = -m**3 - 5*m**2 + 4. Suppose 0 = 2*a + 6 + 4. Let p be j(a). Let l(u) = -3*u + 7*u**2 + 2*u**2 + p*u - 8*u**2 - 9. Give l(0).
-9
Let o = 155 - 163. Let q(x) = x**3 + 7*x**2 - 9*x - 10. What is q(o)?
-2
Let z(c) = c**3 - 20*c**2 + 36*c + 6. Let q be z(18). Let p(o) = o**2 - 7*o + 5. Determine p(q).
-1
Let m(q) = 0 + q + 7 + 1. Calculate m(0).
8
Suppose 43 - 11 = 8*d. Let s(b) = -b**2 + 2*b + 1. What is s(d)?
-7
Let n(d) = -4*d**2 + 29*d + 101. Let o(w) = w**2 - 7*w - 25. Let f(j) = 2*n(j) + 9*o(j). What is f(8)?
1
Suppose -81 = -193*l + 220*l. Let z(o) = 2*o**3 + 2*o**2 + o + 3. Calculate z(l).
-36
Let h(m) be the second derivative of 1/12*m**4 + m**2 + m + 0 + 1/3*m**3. Suppose 4*r + 3*c + 3 = 0, -8*r - 18 = -772*c + 774*c. Determine h(r).
5
Let j(f) = -6*f - 185 - 172 + 361 + f**2. Determine j(0).
4
Let a(q) = -q**3 - q**2 + q + 1. Let w be a(-2). Let o(c) = -w*c + 4 - c - 1 + 2*c. Let i be (-4 + 5)/((-1)/(-3)). What is o(i)?
-3
Let s(j) = -j**2 + 17*j - 22. Let l be s(15). Suppose -l*u + 14 = -6*u. Let c(d) = -4 + 3 - 4*d - 4 + u*d. Give c(5).
10
Let k be (12/9 - 1) + 3185/(-195). Let m(u) = u**2 + 16*u - 1. Calculate m(k).
-1
Let p(y) = y - 2. Let z(o) = -o**2 + 12*o - 5. Let v = -11 - -22. Let x be z(v). What is p(x)?
4
Let t(l) = -l**3 + 3*l**2 + l - 1. Let o be t(3). Let a(z) = o*z + 1 - 20 + 6*z**2 + 11 - z**3. Let y = 13 - 7. Determine a(y).
4
Let i(p) = p**2 - 20. Let t be i(4). Let q(m) = 4*m - 2. Determine q(t).
-18
Let m(a) be the second derivative of -a**5/20 - a**4 + 7*a**3/3 + 17*a**2/2 + 493*a + 1. Give m(-13).
4
Let p = -2690 - -2692. Let c(t) = -14*t + 5. Calculate c(p).
-23
Let m(b) = 4*b**2 + b + 3*b - 6*b**2 - b**3. Suppose -p = 4*a - 5*p - 60, 0 = -5*a - 2*p + 75. Suppose 12*l = a*l + 12. What is m(l)?
16
Let l(k) be the first derivative of 0*k**2 - 1/6*k**4 + 0*k - k**3 - 1/60*k**5 + 2. Let h(y) be the third derivative of l(y). What is h(-3)?
2
Let x(h) = 3*h + h + h + 0*h + 8. Let o(n) = -21*n - 33. Let b(z) = -2*o(z) - 9*x(z). Determine b(-5).
9
Let g(w) = -10 + 4 + 4 + 2*w + 0. Suppose 3 = -3*b - 0*b. Let y = -4 - b. Give g(y).
-8
Let c(d) = d**3 + 3 + 3*d**2 - 7*d**2 + 2 - 2*d. Let f(i) = i**2 + 6*i - 5. Let l be f(-7). Let p be (-3 + 5)*1*l. Determine c(p).
-3
Let c(k) be the first derivative of k**4/4 + 4*k**3/3 + k**2/2 - 4. Let m(z) = z**2 - 8*z - 1. Let o be m(8). Let y(p) = 4*p. Let t be y(o). Determine c(t).
-4
Let p(i) be the third derivative of 0*i - 3*i**2 + 0 - 1/60*i**5 + 1/4*i**4 + 1/3*i**3. Suppose 5*z = 4*v, -3*v + 3*z = -z + 1. What is p(v)?
7
Suppose -9*c + 5*c = -16. Let z(l) = 2*l**3 + 2 - 3 - 17*l**2 + l - c*l**3 + 18*l**2. Suppose -12 = -2*i + 5*t, 3*t + 8 = 3*i - i. What is z(i)?
-1
Suppose -w - 21 = 3*n, -2*n + 15 = -5*w + n. Let z(j) be the third derivative of 0*j + 1/60*j**5 + 0 + 1/4*j**4 - 11*j**2 + j**3. Determine z(w).
6
Let h(o) = -3*o**2 - 3*o + 4. Let j(n) = -4*n**2 - 3*n + 5. Let b(v) = 7*h(v) - 6*j(v). Let r be 26/4 + (-3)/2. Suppose -5*x - r = -20. Determine b(x).
16
Let a(t) = -3*t**3 - 8*t**2 - 23*t + 6. Let r(p) = -p**3 - 4*p**2 - 11*p + 3. Let c(s) = 2*a(s) - 5*r(s). What is c(6)?
-21
Let a be (-4)/(-10)*(-10)/(-4). Let z(w) = 1 + w**3 + a - 1 - 7*w**3. What is z(-1)?
7
Let l = -695 - -693. Let c(i) = 15*i - 1. Give c(l).
-31
Let x be 4 - (-3 - (1 + -5)). Let k(s) = -2*s + 3. Let d be k(x). Let t(m) = -m**2 - 2*m + 4. Determine t(d).
1
Let s(h) = 8*h - 8. Let v(o) = -o + 1. Let z(x) = 2*s(x) + 18*v(x). Let g = -274 - -280. Calculate z(g).
-10
Let z be 1432/120 + 1/15. Let j(p) = 2*p - 31. What is j(z)?
-7
Suppose -5*h + 2*j + 27 = 3*j, 18 = 4*h + 2*j. Let p(w) be the second derivative of 0*w**2 - 20*w + 1/6*w**3 + 0. Determine p(h).
6
Let l(p) be the first derivative of p**4/4 + 25*p**3/3 + 23*p**2/2 - 20*p + 463. Calculate l(-24).
4
Let s(h) be the third derivative of h**4/12 + 5*h**3/2 - 4*h**2. Let f be s(-5). Let z(b) = -b - 9 + f - b. What is z(-3)?
2
Suppose 5*n + 1 = 11. Let t(r) = 3*r + 3. Let u(y) = 17*y + 16. Let j(z) = 22*t(z) - 4*u(z). Give j(n).
-2
Let x(b) be the first derivative of b**4/4 + 2*b**3 - 4*b**2 - 3*b + 80. Determine x(-7).
4
Suppose -66 + 117 = 3*s. Let k(h) = h - 14. Give k(s).
3
Let m(a) = a**3 - 7*a**2 + 8*a - 6. Let j(z) = 2*z + 5*z + 15 - 6*z. Let i be j(-9). Determine m(i).
6
Let v(t) = 4*t + 1 - 2*t**2 + t**2 + 0*t. Let j = 55 + -47. Suppose s + 3*y = 3, 4*s = -3*y + j*y + 12. Determine v(s).
4
Let k(p) be the first derivative of p**4/4 - p**3/3 - 5*p**2/2 - 5*p + 195. Determine k(-2).
-7
Let i(z) = -34116*z**2 - 9 + 7*z + 34117*z**2 + 5*z. What is i(-12)?
-9
Let y(t) = 0*t - 4*t + 3*t - 11. Suppose 21*b = 9*b - 40 - 80. Give y(b).
-1
Suppose 2*n + 2 = 0, 4*h + 2*n - 31 + 9 = 0. Suppose -4*v - 47 = -i, -3*v + 0*v = 3*i + 24. Let a = v + h. Let y(z) = z**2 + 9*z + 5. Calculate y(a).
-15
Let f(l) = 5*l**2 - 3*l. Let o = -40 + 53. Let p(b) = 11*b**2 - 5*b. Let m(k) = o*f(k) - 6*p(k). Give m(-8).
8
Suppose -54 = 5*y - 2*j - 624, -338 = -3*y + 2*j. Suppose -d = -3*g - 92, -4*g - y = -0*d - 3*d. Let v = g - -25. Let s(r) = -r**2 - 7*r - 6. What is s(v)?
-6
Suppose -5*i + 3*k + 253 = 55, 0 = 5*i - 5*k - 190. Suppose -4*l = 2*m + 8 + 8, -3*m + i = -5*l. Let q(d) = 2*d + 7. Determine q(l).
-5
Let i(o) = o + 113 - 117 + 0*o. Suppose -14 = -2*t - 4. Give i(t).
1
Let q = -26 - -26. Let k(x) be the second derivative of x**3/6 + 3*x**2 + 41*x. What is k(q)?
6
Let m(q) = 3*q**3 + 8*q**2 - 6. Let u(s) = -s**3 - s**2 + 1. Let l(b) = -m(b) - 4*u(b). Let h be l(4). Let y(d) = 4 + 1 + d - 1 + h. Calculate y(-6).
0
Let x(v) = 0*v**2 + 8 - 7 - 2*v**2. Give x(2).
-7
Let c(l) = 14*l - 2*l + 1631 - 2*l**2 + l**2 - 1625. Give c(14).
-22
Let q = 5 + -1. Let g = 33 + -37. Let h be g*2/q - 3. Let w(f) = f - 2. Determine w(h).
-7
Let c(b) = b**3 - 13 - 3*b + 28*b**2 - 25*b**2 + 3 + 11 - 2*b**3. Calculate c(5).
-64
Le